hat is the hundreds digit of g?
5
Let a be ((-2)/(-4) - 0)*0. Suppose 0*b + 4*b = a. Suppose x - 7 = -g, -5*g - 2*x + 41 - 6 = b. What is the units digit of g?
7
Suppose 223*f + 38168 = 231*f. What is the thousands digit of f?
4
Suppose -2*k = 4*d - 0*d - 38, -d + 2*k + 7 = 0. Let w = 10 - d. Suppose 4*c - 7 = w. What is the units digit of c?
2
Suppose -2*u + u = -4*u. Suppose 7*q - 1591 - 278 = u. What is the tens digit of q?
6
Let i = 22 + -18. Suppose -5*w - 6 = 4*y - 2, 2*w - i = 4*y. Suppose 4*z - 2*j = 60, 5*z - 4*j - 19 - 62 = w. What is the tens digit of z?
1
Let x(v) = v**3 + 10*v**2 + 14*v + 13. Suppose 3*y + 5*j + 19 - 6 = 0, 0 = 2*y + j + 11. What is the tens digit of x(y)?
7
What is the units digit of (-2)/(-21)*7431 - 10/(-35)?
8
Suppose 0 = -o + 4 - 17. Let p = o - -12. Let r(c) = 36*c**2 - 4*c - 3. What is the units digit of r(p)?
7
Suppose -48*h + 50*h - 450 = 0. What is the tens digit of h?
2
Suppose 4 = -10*x + 6*x. Let z be ((-31)/x)/(-2 + 3). Let j = z - 22. What is the units digit of j?
9
Let b = -66 - -117. Let j = b + -7. What is the tens digit of j?
4
What is the tens digit of 0/1*(-4 + 3) + 504?
0
Suppose a + 105 = 553. What is the hundreds digit of a?
4
Suppose -5*x - 4 = -24, 0 = 3*o + 2*x - 752. Let u = -126 + o. What is the tens digit of u?
2
Let f be 3 + (-60)/(12/4). Let t = f - -39. What is the tens digit of t?
2
What is the units digit of (-55796)/(-65) + 9/(-30)*-2?
9
Let i(j) = -267 + 281 + 3*j - 14*j. What is the tens digit of i(-4)?
5
Let d(q) = 4*q**3 + 66*q**2 + 13*q + 16. What is the tens digit of d(-16)?
2
Suppose -13*z + 1312 = -5*z. Let t = 307 - z. What is the tens digit of t?
4
Suppose 113 = 5*v - 97. Let n = v + -25. What is the tens digit of n?
1
Suppose -v + 2*x = 7, x = 5*v + 49 + 4. Let t = v - -14. Suppose -l + 13 = h, 5*l + h - 69 = -t*h. What is the units digit of l?
7
Let m = 13 - -33. Suppose g = 20 + m. What is the units digit of g?
6
Let u(s) = s + 3. Let m be u(6). Let c = -2 + m. Suppose -c*z + 2*z = -120. What is the tens digit of z?
2
Suppose -5*f + 40 = 25. Suppose -2*l - 17 - 38 = -n, f*n - 160 = 5*l. What is the tens digit of n?
4
Let o be 18/63 - 416/(-14). Let j = o + 58. What is the units digit of j?
8
Let y be -5*5/(50/(-6)). Suppose -y = o - 2*r - 7, r - 26 = -3*o. Suppose 0 = -3*x + 79 + o. What is the tens digit of x?
2
Let t(m) = 25*m**2 - 10*m + 21. What is the thousands digit of t(9)?
1
Let n(v) = 2*v**2 - 7*v + 9. Let f = -35 + 32. Let z(m) = 2*m**2 + 4*m + 1. Let j be z(f). What is the units digit of n(j)?
8
Let j = -437 + 729. What is the units digit of j?
2
Let w = 435 - -880. What is the units digit of w?
5
What is the hundreds digit of -36 - -38 - (-5328)/2?
6
Let w = 1630 - 832. What is the tens digit of w?
9
Suppose 0 = -6*f + 3*f + 96. Suppose -4*q = -4*w - f, 0*q - 14 = 2*q + 4*w. Suppose q*u - m = 2*m + 12, 3*m + 3 = 0. What is the units digit of u?
3
Let k(x) = -x**2 + 22*x + 33. Let n(b) = -23*b - 3. Let y be n(-1). What is the units digit of k(y)?
3
Let b(t) = t**3 + 35*t**2 + 41*t - 135. What is the units digit of b(-31)?
8
Suppose 0 = 44*u - 75*u + 34131. What is the hundreds digit of u?
1
Suppose -4*p = -2*p - 4. What is the tens digit of 555/10 - p/4?
5
Let s = -91 - -533. What is the hundreds digit of s?
4
What is the tens digit of (183846/91 - 16) + 4/(-14)?
0
Let n = 552 + 184. What is the hundreds digit of n?
7
Let n = -116 - -307. Let s = -68 + n. What is the units digit of s?
3
Let d(c) = 41*c**2 + c. Let f be d(-2). What is the units digit of f/2*(2 - 1)?
1
Let q(i) = -3*i + 1 - 6 - 92*i**3 + 93*i**3 + 3*i**2. Let s be q(-2). Suppose -s*p + 97 = -2*b, -p - 43 = -3*p + 5*b. What is the tens digit of p?
1
Let t = -12 + 7. Let g = -4 - t. Let r(x) = -x**3 + 2*x**2. What is the units digit of r(g)?
1
Let n = -35 + 63. Let o = n + 58. Suppose -2*j + o + 4 = 0. What is the units digit of j?
5
Let j be (-46)/14 - (-2)/7. Let o be 74/8 + (-4)/16. Let z = o - j. What is the tens digit of z?
1
Suppose -9 = 2*f + 5. Let x(z) = -11*z + 15. What is the tens digit of x(f)?
9
Let t = 1889 - 248. What is the thousands digit of t?
1
Suppose -2*l - 4*v + 750 = 0, 6*v = 4*l + 4*v - 1460. What is the tens digit of l?
6
Suppose 0 = -2*n - 1 + 3. Suppose u + 4 = -n. What is the tens digit of u*7/((-140)/152)?
3
Let y = -881 + 1497. What is the hundreds digit of y?
6
Suppose 3*c = -r + 18, -2*c - r + 13 = -0*c. Let p be (-12)/(-20) + (-48)/c. What is the units digit of 48/p*(2 - 5)?
6
Suppose 8458 = 2*j + 5*m, -2*j + 3*j - 4231 = -2*m. What is the hundreds digit of j?
2
Let i = 911 - 282. What is the units digit of i?
9
Let y(h) be the third derivative of -h**4/8 - 4*h**3/3 + 5*h**2. Let m be y(-6). Let j = 22 - m. What is the tens digit of j?
1
Suppose 14*i + 16*i - 4170 = 0. What is the tens digit of i?
3
Suppose 11*b - 6*b + 40 = 0. What is the tens digit of (-1)/(-5 + b/(-2))*104?
0
Suppose 6*c = 3*c + 141. Suppose c + 238 = 5*u. What is the tens digit of u?
5
Let z(q) = -q**3 + 9*q**2 + 4*q - 10. Let p be z(9). Let a = 80 - p. What is the tens digit of a?
5
Let x(t) = 54*t + 3. Let l be x(6). Let v = l + -224. What is the units digit of v?
3
Let d = 1882 + -251. What is the tens digit of d?
3
Suppose 15 = h + 4*h. Suppose x - 51 = -k, k - 3*x + 11 - 42 = 0. Suppose -h*m = -0*m + 5*s - 31, 2*s = -4*m + k. What is the tens digit of m?
1
Suppose 4*w + h = 4756, w + 188*h - 191*h = 1202. What is the hundreds digit of w?
1
Let c(q) = q**2 + 3*q + 2. Let m be c(5). Let k = 28 - m. What is the tens digit of (40/k)/(4/(-14))?
1
Let s be (1/2)/(4/64). What is the units digit of (-35)/(-8) - 3/s?
4
Let p(x) = 38*x**2 + 23*x - 57. What is the units digit of p(5)?
8
Let q = 2940 - 1812. What is the tens digit of q?
2
Suppose -s - 2*q - 12 = 0, -15 - 30 = 5*s + 5*q. Let y(v) = v + 8. Let o be y(s). What is the tens digit of -4 + 41 + o + 1?
4
Let s(x) = x**3 - 3*x**2 - 4*x + 1. Let b be s(4). Suppose -l + 15 = -6. Suppose f - l = -b. What is the units digit of f?
0
Let w(o) be the third derivative of o**4/24 - 2*o**3/3 + 2*o**2. Let s be w(4). Suppose -q + 22 = -s*q. What is the units digit of q?
2
What is the tens digit of (2/(-12))/((-217672)/(-43536) + -5)?
0
Let a(y) = 101*y**2 + 13*y - 25. What is the thousands digit of a(4)?
1
Let k(f) be the second derivative of -19*f**5/10 + f**4/12 + 2*f**3/3 + f**2 - 14*f. What is the units digit of k(-1)?
7
Let o be (-82)/(-6)*3 - 1. Let j = -84 + o. What is the units digit of (j/(-6))/((-28)/(-294))?
7
Let z = -328 - -1227. What is the tens digit of z?
9
Let s = 19 + 1149. What is the units digit of (2/4)/(8/s)?
3
Let j(r) = -15*r - 2. Suppose -y + o = 3, o = -4*o + 10. Let w be j(y). Let i = w - 8. What is the units digit of i?
5
Let f be -5*(3 - -2 - 4*1). What is the tens digit of 9849/105 - (-4)/f?
9
Suppose -2*q - 3*q + 315 = 3*w, 0 = q - 5*w - 63. Suppose 62 = 5*c - q. What is the units digit of c?
5
Let q = -91 + 101. What is the tens digit of q?
1
Let j(a) be the third derivative of -a**2 - 1/6*a**4 + 0*a + 0 - 3/2*a**3 + 1/60*a**5. What is the units digit of j(7)?
2
Let k be 4/(2 + 2) - 8. Let x(t) = t**3 + 8*t**2 - t - 10. What is the units digit of x(k)?
6
Suppose 37442 = 58*n - 78964. What is the hundreds digit of n?
0
Let k(s) = 4*s**2 + 13*s - 1. Let x(p) = -21*p**2 - 66*p + 6. Let n(u) = 11*k(u) + 2*x(u). What is the units digit of n(-8)?
1
What is the units digit of 1*443 + (7 - 4/2)?
8
Let z(a) = 6*a**2 - 5*a**2 + 4*a**2 - 3*a + 77 - 82. What is the units digit of z(4)?
3
Let c(p) = p**2 + 7*p - 6. Let k be c(-7). Let y be k*3/12*-2. Suppose y*q + 6 - 40 = -2*v, -q - 17 = -v. What is the tens digit of v?
1
Let c(u) = -500*u + 12. What is the hundreds digit of c(-9)?
5
Let s = -208 + 361. Suppose 359 = 8*x - s. What is the units digit of x?
4
Suppose 0*u - 328 = -5*u + 2*i, 5*u + i = 331. Suppose -3*m + 2*m + u = 0. What is the units digit of m?
6
Let j(s) = 213*s**2 - 74*s + 354. What is the tens digit of j(5)?
0
Let z = -664 - -984. What is the hundreds digit of z?
3
What is the units digit of ((-22884)/8)/((-30)/20)?
7
Let c = 3 + -15. Let o be (6/(-4))/((-6)/(-8)). What is the units digit of (-222)/c + (-1)/o?
9
Let n(h) be the third derivative of h**5/30 + 23*h**4/24 + 3*h**3 + 16*h**2. What is the tens d